{"id":1002,"date":"2024-11-25T16:46:13","date_gmt":"2024-11-25T16:46:13","guid":{"rendered":"https:\/\/lr-consulting.ch\/?page_id=1002"},"modified":"2024-11-25T18:56:19","modified_gmt":"2024-11-25T18:56:19","slug":"protection-des-donnees","status":"publish","type":"page","link":"https:\/\/lr-consulting.ch\/?page_id=1002&lang=fr","title":{"rendered":"Protection des donn\u00e9es"},"content":{"rendered":"<div class=\"fusion-fullwidth fullwidth-box fusion-builder-row-1 fusion-flex-container has-pattern-background has-mask-background nonhundred-percent-fullwidth non-hundred-percent-height-scrolling\" style=\"--awb-border-radius-top-left:0px;--awb-border-radius-top-right:0px;--awb-border-radius-bottom-right:0px;--awb-border-radius-bottom-left:0px;--awb-flex-wrap:wrap;\" ><div class=\"fusion-builder-row fusion-row fusion-flex-align-items-flex-start fusion-flex-content-wrap\" style=\"max-width:1216.8px;margin-left: calc(-4% \/ 2 );margin-right: calc(-4% \/ 2 );\"><div class=\"fusion-layout-column fusion_builder_column fusion-builder-column-0 fusion_builder_column_1_1 1_1 fusion-flex-column\" style=\"--awb-bg-size:cover;--awb-width-large:100%;--awb-margin-top-large:0px;--awb-spacing-right-large:1.92%;--awb-margin-bottom-large:20px;--awb-spacing-left-large:1.92%;--awb-width-medium:100%;--awb-order-medium:0;--awb-spacing-right-medium:1.92%;--awb-spacing-left-medium:1.92%;--awb-width-small:100%;--awb-order-small:0;--awb-spacing-right-small:1.92%;--awb-spacing-left-small:1.92%;\"><div class=\"fusion-column-wrapper fusion-column-has-shadow fusion-flex-justify-content-flex-start fusion-content-layout-column\"><div class=\"fusion-text fusion-text-1\"><p><strong>D\u00e9claration de confidentialit\u00e9 de LR Consulting GmbH<\/strong><\/p>\n<p>Version du 25.11.2024<\/p>\n<ol>\n<li><strong>Applicabilit\u00e9 des lois suisses sur la protection des donn\u00e9es et du r\u00e8glement g\u00e9n\u00e9ral sur la protection des donn\u00e9es &#8222;RGPD&#8220;.<\/strong><\/li>\n<\/ol>\n<p>La pr\u00e9sente d\u00e9claration de confidentialit\u00e9 est con\u00e7ue pour r\u00e9pondre aux exigences du R\u00e8glement g\u00e9n\u00e9ral sur la protection des donn\u00e9es 2016\/679 de l&#8217;UE (&#8222;<strong>RGPD<\/strong>&#8222;), de la loi suisse sur la protection des donn\u00e9es (&#8222;<strong>LPD<\/strong>&#8222;) et de la loi suisse r\u00e9vis\u00e9e sur la protection des donn\u00e9es (&#8222;<strong>revDSG<\/strong>&#8222;). Toutefois, l&#8217;applicabilit\u00e9 de ces lois et la mesure dans laquelle elles s&#8217;appliquent d\u00e9pendent de chaque cas particulier.<\/p>\n<ol>\n<li><strong>Destinataires des donn\u00e9es personnelles<\/strong><\/li>\n<\/ol>\n<p>Dans le cadre de nos activit\u00e9s commerciales et des objectifs mentionn\u00e9s au point 5, nous communiquons \u00e9galement, dans la mesure o\u00f9 cela est autoris\u00e9 et que nous le jugeons opportun, des informations \u00e0 des tiers, soit parce qu&#8217;ils les traitent pour nous, soit parce qu&#8217;ils souhaitent les utiliser \u00e0 leurs propres fins. Il s&#8217;agit en particulier des entit\u00e9s suivantes : <\/p>\n<ul>\n<li>Soci\u00e9t\u00e9s du groupe,<\/li>\n<li>les soci\u00e9t\u00e9s de services, par exemple les banques et les soci\u00e9t\u00e9s de gestion d&#8217;actifs,<\/li>\n<li>Autorit\u00e9s, organismes publics tels que les organismes de s\u00e9curit\u00e9 sociale, les offices de ch\u00f4mage, les caisses de ch\u00f4mage et de compensation, la SUVA et les tribunaux ;<\/li>\n<li>les soci\u00e9t\u00e9s de traitement des salaires mandat\u00e9es, les caisses de pension et les assurances (indemnit\u00e9s journali\u00e8res de maladie, assurance accidents) ;<\/li>\n<li>des conseillers professionnels, par exemple des conseillers fiscaux, des avocats, des auditeurs, \u00e0 des mandataires et des repr\u00e9sentants ;<\/li>\n<li>les prestataires de services, fournisseurs et auxiliaires, y compris les sous-traitants avec lesquels nous avons conclu un contrat de traitement des commandes (par exemple, les fournisseurs d&#8217;h\u00e9bergement, les prestataires de services informatiques, les services de cloud computing, etc.)<\/li>\n<\/ul>\n<p>En outre, nous nous r\u00e9servons \u00e9galement le droit de transf\u00e9rer des donn\u00e9es si nous vendons ou transf\u00e9rons tout ou partie de nos activit\u00e9s ou de nos actifs (y compris en cas de restructuration, de dissolution ou de liquidation).<\/p>\n<ol>\n<li><strong>Cookies \/ Tracking et autres technologies li\u00e9es \u00e0 l&#8217;utilisation de notre site web<\/strong><\/li>\n<\/ol>\n<p><strong>7.1 Cookies et pixels<\/strong><\/p>\n<p>Nous utilisons g\u00e9n\u00e9ralement des &#8222;cookies&#8220; et des techniques similaires sur nos sites Web pour identifier votre navigateur ou votre appareil. Un cookie est un petit fichier envoy\u00e9 \u00e0 votre ordinateur ou automatiquement enregistr\u00e9 sur votre ordinateur ou appareil mobile par le navigateur web que vous utilisez lorsque vous visitez nos sites web. Il nous permet de vous reconna\u00eetre lorsque vous revenez sur le site, m\u00eame si nous ne savons pas qui vous \u00eates. Outre les cookies qui ne sont utilis\u00e9s que pendant une session et qui sont supprim\u00e9s apr\u00e8s votre visite du site web (&#8222;cookies de session&#8220;), les cookies peuvent \u00e9galement \u00eatre utilis\u00e9s pour stocker les pr\u00e9f\u00e9rences de l&#8217;utilisateur et d&#8217;autres informations pendant une dur\u00e9e d\u00e9termin\u00e9e (par exemple deux ans) (&#8222;cookies permanents&#8220;). Les pixels invisibles (\u00e9galement appel\u00e9s balises web) sont des graphiques invisibles qui sont int\u00e9gr\u00e9s dans une page web afin d&#8217;analyser des informations telles que les clics sur cette page web ou le trafic sur cette page web. Vous pouvez configurer votre navigateur pour qu&#8217;il refuse les cookies, qu&#8217;il les stocke uniquement pour une session ou qu&#8217;il les supprime pr\u00e9matur\u00e9ment. La plupart des navigateurs sont pr\u00e9r\u00e9gl\u00e9s pour accepter les cookies. Nous utilisons des cookies permanents afin de rendre l&#8217;offre de LR Consulting GmbH plus conviviale, plus efficace et plus s\u00fbre. Les cookies sont \u00e9galement utilis\u00e9s \u00e0 des fins publicitaires avec le remarketing. Si vous bloquez les cookies, il se peut que certaines fonctionnalit\u00e9s ne fonctionnent plus. Pour en savoir plus sur la mani\u00e8re dont vous pouvez contr\u00f4ler les param\u00e8tres des cookies via votre navigateur, consultez le th\u00e8me &#8222;Navigation priv\u00e9e&#8220;, &#8222;Incognito&#8220; ou &#8222;InPrivate&#8220; dans les param\u00e8tres du navigateur utilis\u00e9 pour Firefox, Chrome, Microsoft Edge ou Safari. En utilisant notre site web et en acceptant de recevoir des newsletters et autres e-mails marketing, vous consentez \u00e0 l&#8217;utilisation de ces techniques. Si vous ne le souhaitez pas, vous devez configurer votre navigateur ou votre programme de messagerie en cons\u00e9quence.<\/p>\n<p><strong>7.2 Google Analytics<\/strong><\/p>\n<p>Ce site web utilise Google Analytics, un service d&#8217;analyse web de Google (Google Inc., 1600 Amphitheatre Parkway, Mountain View, CA 94043, \u00c9tats-Unis) qui fonctionne avec des cookies. Les cookies sont des fichiers texte qui sont stock\u00e9s sur l&#8217;ordinateur des visiteurs et qui permettent d&#8217;analyser l&#8217;utilisation du site web. Les informations g\u00e9n\u00e9r\u00e9es par le cookie sur l&#8217;utilisation de ce site web sont g\u00e9n\u00e9ralement transmises \u00e0 un serveur de Google aux \u00c9tats-Unis et y sont stock\u00e9es. Google est susceptible de communiquer ces informations \u00e0 des tiers en cas d&#8217;obligation l\u00e9gale ou si des tiers sont charg\u00e9s par Google de proc\u00e9der au traitement de ces donn\u00e9es. Google ne combine pas les adresses IP avec d&#8217;autres donn\u00e9es que vous avez enregistr\u00e9es. Sur le site web de LR Consulting GmbH, l&#8217;anonymisation IP est activ\u00e9e, ce qui signifie que l&#8217;adresse IP des visiteurs est raccourcie par Google avant d&#8217;\u00eatre transmise aux Etats-Unis. Ce n&#8217;est que dans des cas exceptionnels que l&#8217;adresse IP compl\u00e8te est transmise \u00e0 un serveur de Google aux Etats-Unis et n&#8217;est raccourcie que l\u00e0. Google utilisera ces informations pour le compte de LR Consulting GmbH afin d&#8217;\u00e9valuer l&#8217;utilisation du site web, de compiler des rapports sur l&#8217;activit\u00e9 du site web et de fournir \u00e0 LR Consulting GmbH d&#8217;autres services li\u00e9s \u00e0 l&#8217;utilisation du site web et d&#8217;Internet. L&#8217;adresse IP transmise par le navigateur des visiteurs dans le cadre de Google Analytics n&#8217;est pas recoup\u00e9e avec d&#8217;autres donn\u00e9es de Google. Les visiteurs peuvent emp\u00eacher l&#8217;enregistrement des cookies en param\u00e9trant leur logiciel de navigation en cons\u00e9quence ; dans certains cas, la fonctionnalit\u00e9 du site web peut en \u00eatre affect\u00e9e. La suppression des cookies permanents apr\u00e8s une visite sur le site web n&#8217;a aucune incidence. Les visiteurs peuvent emp\u00eacher la collecte par Google des donn\u00e9es g\u00e9n\u00e9r\u00e9es par le cookie et relatives \u00e0 leur utilisation du site web (y compris leur adresse IP) ainsi que le traitement de ces donn\u00e9es par Google en t\u00e9l\u00e9chargeant et en installant le plug-in de navigateur disponible sur le lien suivant <a href=\"http:\/\/tools.google.com\/dlpage\/gaoptout?hl=de\">: http:\/\/tools.google.com\/dlpage\/gaoptout?hl=de.<\/a> Pour plus d&#8217;informations sur les r\u00e8gles de confidentialit\u00e9 de Google, voir    <\/p>\n<p><a href=\"https:\/\/www.google.com\/policies\/privacy\/\">https:\/\/www.google.com\/policies\/privacy\/<\/a><\/p>\n<ol>\n<li><strong>Informations sur le formulaire de contact<\/strong><\/li>\n<\/ol>\n<p>Si vous nous envoyez des demandes par le biais du formulaire de contact, les informations que vous avez fournies dans le formulaire de demande, y compris les donn\u00e9es de contact que vous y avez indiqu\u00e9es, seront stock\u00e9es chez nous \u00e0 des fins de traitement de la demande et en cas de questions de suivi. Elles ne seront pas exploit\u00e9es d&#8217;une autre mani\u00e8re ni associ\u00e9es \u00e0 d&#8217;autres donn\u00e9es. <\/p>\n<ol>\n<li><strong>Autres services de tiers<\/strong><\/li>\n<\/ol>\n<p>Le site web de LR Consulting GmbH est bas\u00e9 sur WordPress. Les donn\u00e9es sont stock\u00e9es sur un serveur en Suisse et ne sont pas transmises \u00e0 l&#8217;\u00e9tranger. <\/p>\n<ol>\n<li><strong>Droits de la personne concern\u00e9e<\/strong><\/li>\n<\/ol>\n<p>Dans le cadre de la l\u00e9gislation sur la protection des donn\u00e9es qui vous est applicable et dans la mesure o\u00f9 elle le pr\u00e9voit (comme dans le cas du RGPD), vous avez le <u>droit d&#8217;acc\u00e9der<\/u> aux <u>donn\u00e9es<\/u>, de <u>les rectifier<\/u>, de <u>les supprimer<\/u> et <u>de limiter leur traitement<\/u>. En outre, vous avez le droit de <u>vous opposer \u00e0 nos traitements de donn\u00e9es, en particulier ceux effectu\u00e9s \u00e0 des fins de marketing direct, de profilage \u00e0 des fins de publicit\u00e9 directe et d&#8217;autres int\u00e9r\u00eats l\u00e9gitimes dans le traitement<\/u>. Vous avez \u00e9galement le <u>droit de demander la communication<\/u> de certaines donn\u00e9es personnelles en vue de leur transfert \u00e0 un autre organisme (ce que l&#8217;on appelle la portabilit\u00e9 des donn\u00e9es). Veuillez toutefois noter que nous nous r\u00e9servons le droit de faire valoir les restrictions pr\u00e9vues par la loi, par exemple si nous sommes tenus de conserver ou de traiter certaines donn\u00e9es, si nous avons un int\u00e9r\u00eat pr\u00e9pond\u00e9rant \u00e0 le faire (dans la mesure o\u00f9 nous pouvons l&#8217;invoquer) ou si nous en avons besoin pour faire valoir des droits. Si des frais sont \u00e0 votre charge, nous vous en informerons au pr\u00e9alable. L&#8217;exercice de tels droits suppose g\u00e9n\u00e9ralement que vous prouviez clairement votre identit\u00e9 (par exemple, par la copie d&#8217;une pi\u00e8ce d&#8217;identit\u00e9, lorsque votre identit\u00e9 n&#8217;est pas claire ou ne peut pas \u00eatre v\u00e9rifi\u00e9e autrement). Pour faire valoir vos droits, vous pouvez nous contacter \u00e0 l&#8217;adresse indiqu\u00e9e au point 2. Toute personne concern\u00e9e a \u00e9galement le droit de faire valoir ses droits en justice ou de d\u00e9poser une plainte aupr\u00e8s de l&#8217;autorit\u00e9 comp\u00e9tente en mati\u00e8re de protection des donn\u00e9es. L&#8217;autorit\u00e9 comp\u00e9tente en mati\u00e8re de protection des donn\u00e9es en Suisse est le Pr\u00e9pos\u00e9 f\u00e9d\u00e9ral \u00e0 la protection des donn\u00e9es et \u00e0 la transparence<a href=\"https:\/\/www.edoeb.admin.ch\/edoeb\/de\/home.html\">(https:\/\/www.edoeb.admin.ch\/edoeb\/de\/home.html)<\/a>.  <\/p>\n<ol>\n<li><strong>Dur\u00e9e de conservation et suppression des donn\u00e9es personnelles<\/strong><\/li>\n<\/ol>\n<p>LR Consulting GmbH ne traite les donn\u00e9es personnelles que tant qu&#8217;elles sont encore n\u00e9cessaires \u00e0 la finalit\u00e9 du traitement pour lequel elles ont \u00e9t\u00e9 collect\u00e9es. Les donn\u00e9es personnelles sont donc d\u00e9truites ou rendues anonymes d\u00e8s que cela n&#8217;est pas le cas ou qu&#8217;aucun d\u00e9lai de conservation l\u00e9gal, contractuel ou d\u00e9coulant d&#8217;un int\u00e9r\u00eat l\u00e9gitime ne s&#8217;oppose \u00e0 la destruction ou \u00e0 l&#8217;anonymisation des donn\u00e9es. Les donn\u00e9es contractuelles utilis\u00e9es pour l&#8217;\u00e9tablissement d&#8217;un certificat de travail sont conserv\u00e9es pendant dix ans \u00e0 compter de la date \u00e0 laquelle le salari\u00e9 a quitt\u00e9 l&#8217;entreprise (art. 127 CO). D&#8217;autres d\u00e9lais de conservation peuvent r\u00e9sulter de l&#8217;int\u00e9r\u00eat l\u00e9gitime de l&#8217;employeur ou du bailleur de services, par exemple lorsque des documents doivent \u00eatre remis \u00e0 l&#8217;autorit\u00e9 de contr\u00f4le lors d&#8217;un contr\u00f4le de la comptabilit\u00e9 salariale, afin de d\u00e9montrer le respect des dispositions de la convention collective de travail applicable. En outre, les donn\u00e9es personnelles peuvent \u00eatre conserv\u00e9es jusqu&#8217;\u00e0 la fin d&#8217;\u00e9ventuels litiges dans lesquels les donn\u00e9es sont n\u00e9cessaires comme preuve. <\/p>\n<ol>\n<li><strong>S\u00e9curit\u00e9 des donn\u00e9es<\/strong><\/li>\n<\/ol>\n<p>LR Consulting GmbH applique des mesures de s\u00e9curit\u00e9 techniques et organisationnelles appropri\u00e9es, telles que l&#8217;\u00e9mission de directives, la formation, les solutions de s\u00e9curit\u00e9 informatique et de r\u00e9seau, les contr\u00f4les et restrictions d&#8217;acc\u00e8s, le cryptage des supports de donn\u00e9es et des transmissions et les contr\u00f4les, afin de prot\u00e9ger vos donn\u00e9es contre tout acc\u00e8s non autoris\u00e9, toute manipulation accidentelle ou intentionnelle, toute perte partielle ou totale, toute destruction ou tout acc\u00e8s non autoris\u00e9 par des tiers. Nos mesures de s\u00e9curit\u00e9 sont constamment am\u00e9lior\u00e9es en fonction de l&#8217;\u00e9volution technologique. En outre, nous tenons compte de la protection des donn\u00e9es personnelles d\u00e8s le d\u00e9veloppement ou le choix du mat\u00e9riel, des logiciels et des proc\u00e9dures conform\u00e9ment au principe de la &#8222;protection des donn\u00e9es par la technique&#8220; et de la &#8222;protection des donn\u00e9es par des param\u00e8tres par d\u00e9faut favorables \u00e0 la protection des donn\u00e9es&#8220;. Nonobstant ce qui pr\u00e9c\u00e8de, nous attirons votre attention sur le fait que la transmission de donn\u00e9es sur Internet (par ex. lors de la communication par e-mail) peut pr\u00e9senter des failles de s\u00e9curit\u00e9. Une protection compl\u00e8te contre l&#8217;acc\u00e8s par des tiers n&#8217;est pas possible. Lors de la visite du site, nous utilisons la proc\u00e9dure r\u00e9pandue SSL\/TLS en combinaison avec le niveau de cryptage le plus \u00e9lev\u00e9 support\u00e9 par votre navigateur. Vous pouvez reconna\u00eetre si une page individuelle de notre site web est transmise de mani\u00e8re crypt\u00e9e \u00e0 l&#8217;affichage ferm\u00e9 du symbole de la cl\u00e9 ou du cadenas dans la barre d&#8217;adresse de votre navigateur.  <\/p>\n<ol>\n<li><strong>Modifications<\/strong><\/li>\n<\/ol>\n<p>LR Consulting GmbH peut modifier cette DSE \u00e0 tout moment.<\/p>\n<\/div><\/div><\/div><\/div><\/div>\n","protected":false},"excerpt":{"rendered":"","protected":false},"author":1,"featured_media":0,"parent":0,"menu_order":0,"comment_status":"closed","ping_status":"closed","template":"","meta":{"footnotes":""},"class_list":["post-1002","page","type-page","status-publish","hentry"],"_links":{"self":[{"href":"https:\/\/lr-consulting.ch\/index.php?rest_route=\/wp\/v2\/pages\/1002","targetHints":{"allow":["GET"]}}],"collection":[{"href":"https:\/\/lr-consulting.ch\/index.php?rest_route=\/wp\/v2\/pages"}],"about":[{"href":"https:\/\/lr-consulting.ch\/index.php?rest_route=\/wp\/v2\/types\/page"}],"author":[{"embeddable":true,"href":"https:\/\/lr-consulting.ch\/index.php?rest_route=\/wp\/v2\/users\/1"}],"replies":[{"embeddable":true,"href":"https:\/\/lr-consulting.ch\/index.php?rest_route=%2Fwp%2Fv2%2Fcomments&post=1002"}],"version-history":[{"count":1,"href":"https:\/\/lr-consulting.ch\/index.php?rest_route=\/wp\/v2\/pages\/1002\/revisions"}],"predecessor-version":[{"id":1007,"href":"https:\/\/lr-consulting.ch\/index.php?rest_route=\/wp\/v2\/pages\/1002\/revisions\/1007"}],"wp:attachment":[{"href":"https:\/\/lr-consulting.ch\/index.php?rest_route=%2Fwp%2Fv2%2Fmedia&parent=1002"}],"curies":[{"name":"wp","href":"https:\/\/api.w.org\/{rel}","templated":true}]}}